) + 1 + 1)
-3
Calculate 13 + (-25 - -9) - (-4 + -1).
2
-1 - (-2 - -3 - (1 + -4))
-5
Evaluate (-6 + 5 - 6) + 9.
2
Calculate -4 - -11 - (0 - (3 - 7)).
3
Calculate 3 - ((-36 - -39) + -1 + 3).
-2
Evaluate (-7 - (12 - (-4 - -10))) + 6.
-7
What is (2 - (0 + 0)) + -2 + 1?
1
What is the value of (5 + -3 - 8) + 3?
-3
What is the value of -8 + 0 - (-41 - -32)?
1
Calculate 29 + -24 - (-5 + 14).
-4
What is the value of 3 + (-4 - (-2 - 2) - -2)?
5
What is the value of 2 + (-5 - -1 - (1 - -1))?
-4
What is the value of -1 - (-2 + (1 - 0) - -4)?
-4
Calculate (1 - 3) + -11 + 10 + 1.
-2
Calculate -6 - ((-10 - 2) + 2 - -6).
-2
Evaluate -1 + -1 + 5 - 8.
-5
Calculate 6 + 4 + (-11 - -4).
3
(1 + 0 - -4) + -4
1
Evaluate (-2 - 1) + (-1 + 7 - 1).
2
What is -4 - -4 - (1 - -3)?
-4
Calculate -13 + 7 + (0 - -4).
-2
Evaluate -7 + (-8 - (5 + -7)) + 11.
-2
Evaluate 2 - (0 - (-13 + 8)).
-3
Calculate (-1 + 0 - 2) + 0 + 4.
1
What is the value of -8 + 4 + 0 + -2?
-6
Evaluate (-2 - -2) + (0 + -1 - 1).
-2
What is 0 + -6 + (-5 - -6)?
-5
2 + 3 - (-11 + 5 - -10)
1
Calculate 2 + 6 - (-16 + 21).
3
-2 + -1 + (2 + -6 - -6)
-1
Calculate 14 - (9 + 5 + -6).
6
What is 1 + 9 - (-9 - -15)?
4
Calculate (5 - 4 - -10) + -12.
-1
-6 + 8 + 7 + -13
-4
Calculate (4 + 0 - 0) + (-1 - 2).
1
Calculate 9 + -1 - (13 + (-10 - 1)).
6
1 + -1 + -7 + (173 - 175)
-9
(1 - 7) + 1 + (20 - 18)
-3
What is -5 + 0 + (-1 - -9)?
3
Evaluate 6 - 5 - (4 - 4).
1
Evaluate (-4 - -4) + -5 + (0 - -7).
2
Evaluate (2 - (10 + -21)) + -10.
3
What is the value of -4 + (-5 - (2 + -4 + -8))?
1
Evaluate (3 - 5) + (1 - 4).
-5
What is -3 + 2 + (-3 - 1 - -2)?
-3
What is -4 - (0 - 2) - 2?
-4
What is the value of 1 + (-3 + 7 - (-5 - -5))?
5
What is -7 - (5 - 6) - (-4 + 2)?
-4
What is the value of -3 - -4 - -4 - 13?
-8
Calculate 2 - (7 + -1) - 0.
-4
What is -3 - (0 - (2 - -1))?
0
What is the value of 1 + -1 - (5 + 4 + -6)?
-3
Calculate -32 + 28 + (5 - -2).
3
Evaluate 3 + (-4 - -4) + -4 + 2.
1
-6 - -5 - (4 + -1)
-4
What is (3 + (1 - 0) - 8) + 8?
4
(-3 - 0) + -1 + 5 + -5
-4
What is the value of -11 - (-11 + (-15 - -12))?
3
What is 11 + -1 + 6 + -26?
-10
Calculate (1 + -8 - (2 + -6)) + -2.
-5
Calculate 11 + (0 - 5) + -3.
3
Evaluate (-3 - -4 - -6) + (-8 - -1).
0
Calculate (-2 - (5 + -3)) + 6.
2
1 - (1 + 2 + -3 + -2)
3
What is -2 + 0 + 0 - (1 + -3)?
0
What is -7 + (7 - 5) + 4?
-1
What is the value of (61 - 53) + -7 + 0?
1
Evaluate -1 + 5 - (-13 - -16).
1
What is the value of -2 - ((-1 - -5) + -2)?
-4
Evaluate (-56 - -54) + 1 + (1 - 4).
-4
(0 - 1) + 8 + -5
2
Calculate -8 + (-2 + 4 - -2).
-4
Evaluate -2 + -1 + 6 + -1 + 2.
4
-9 + (0 - 7) + 9
-7
Evaluate 1 + 4 + -3 - (-1 - -10).
-7
What is (26 - 21) + -1 + -5?
-1
What is 8 - (5 - 5) - 7?
1
Calculate -1 + -1 + 10 + -10.
-2
Calculate (0 - 6) + (-4 - -20 - 11).
-1
What is -1 + -2 - (-4 - -1)?
0
What is the value of (-16 - -21 - 11) + (11 - -1)?
6
5 + 0 - (-4 - (3 - 4))
8
What is the value of -3 + 6 + -2 + 4 + -1?
4
(13 - (9 + -5)) + -10
-1
Evaluate 1 + -1 + (1 - 0 - -7).
8
What is -2 + 10 + -1 + -10?
-3
-5 - (-3 - (0 + 5 - 5))
-2
Evaluate 4 - ((1 - (0 - 1)) + -2).
4
-3 + (-5 + -1 - (-11 + 8))
-6
What is the value of 5 + -5 - (0 + 0)?
0
2 + -11 + 4 + 33 + -25
3
-9 + 8 - (1 + -7)
5
What is -6 - -1 - -3 - (-6 + 6)?
-2
Evaluate -3 + 2 - -1 - -3.
3
What is 1 + -4 + -4 + 2?
-5
Calculate -7 - 0 - 0 - (4 + -2).
-9
Evaluate -1 + (-5 - -4) + 3.
1
Calculate 4 + 3 + (3 - 5).
5
-6 - (-3 + 4 + -2) - 0
-5
2 + 3 - (-8 - -9)
4
What is 3 + (1 - 6) + 2 - -5?
5
2 - (-8 - (2 + -15))
-3
What is -1 - (1 - (1 - -2) - 0)?
1
Calculate (-7 - -15 - 3) + (-4 - -1).
2
What is the value of -3 - -1 - (-4 + 1 + 7)?
-6
-3 - 6 - -4 - -3
-2
What is the value of (-2 - -7 - -1) + -7?
-1
What is the value of 7 - -2 - 5 - (-1 + 3)?
2
Calculate 2 - (1 - (-1 + 0) - 5).
5
What is the value of 6 - (19 - (18 - 7))?
-2
(-1 + 0 - (-30 - -35)) + 10
4
What is (-2 - 1) + (24 - 19)?
2
Calculate 3 - ((6 + -4 - 1) + 4).
-2
Calculate 13 - (4 + -2 - 4) - 6.
9
Evaluate 7 + -2 + 1 - (2 + 0).
4
What is the value of -1 - (2 + 1 + -7 - 0)?
3
14 - (21 - (-6 - -16))
3
What is (-3 - -4) + (1 - 2)?
0
What is 0 - ((-5 - -4) + 4)?
-3
Calculate (-4 - -2 - -6) + (-1 - 3).
0
Calculate 2 - 0 - (-4 + 7) - 2.
-3
Calculate 10 + -2 + -2 + -1.
5
Evaluate (6 - 0) + -4 + 2.
4
(2 - (-2 + 0)) + 8 + -11
1
What is -9 - ((11 - 11) + -2)?
-7
Calculate -9 - -7 - (-2 + 0) - -2.
2
Evaluate -5 - (6 + -8 + 6).
-9
1 + 0 + (0 - -4)
5
What is -6 + 5 + -5 + 4 + 10?
8
1 + 2 + -2 + 3 + -1
3
11 + (-5 - 1) - 10 - -10
5
What is -8 - (-11 + (4 - -4 - 2))?
-3
-1 - -1 - (3 - 6 - -4)
-1
-1 - (-3 + (0 - -3))
-1
Calculate -6 + 6 - (-2 + -1 + 0).
3
Evaluate 9 - (3 + -2) - 3.
5
Evaluate -2 + (4 - (9 - 3)) + -3.
-7
What is (0 - (5 - 14)) + -5?
4
Calculate -11 + 11 + (0 - 5).
-5
What is 5 + (11 - 2) + -18?
-4
What is 11 + 1 + 43 + -53?
2
Calculate 0 - -2 - 4 - 3.
-5
What is 2 + 6 + -13 + 12?
7
What is the value of 6 - 9 - -2 - 5?
-6
-7 - (0 + (-9 - -2))
0
Calculate -3 - ((4 - -1) + -6 - 3).
1
Calculate -5 - (-3 - -2) - (10 - 9).
-5
Evaluate (6 - -1) + -4 + -4.
-1
Calculate -171 + 177 + (-2 - (-2 - -6)).
0
Evaluate -29 + 22 - (3 + -3).
-7
Evaluate (0 - (-4 - -4)) + 1 + 4.
5
Calculate 10 + -1 + (-13 - -3).
-1
What is the value of -1 + (3 - (9 + -4))?
-3
What is the value of 2 + (0 - 12) + 6?
-4
-3 + 5 + -4 - (3 - -2)
-7
Evaluate (-2 - (-1 - -1)) + -12 + 11.
-3
What is the value of -1 - (2 - 1) - (2 + -1)?
-3
Calculate 2 - (-1 + 4) - (-5 + 8).
-4
What is (6 + -6 - -5) + -8 + 0?
-3
Evaluate -1 + (5 - (2 + 0)) + -2.
0
-15 - -25 - (3 - 2 - 0)
9
3 - (4 - (-2 + 2))
-1
Calculate 1 + 0 + (5 - (3 - -1)).
2
Evaluate 3 + -7 + 3 - 2.
-3
What is (3 - 0 - -1) + -2?
2
What is 0 + (-4 + -11 - -10)?
-5
What is 1 - 19 - (-5 - 1) - -5?
-7
Calculate 3 - (2 + -6 + 4).
3
What is the value of -3 - (-4 + 2 + -4)?
3
What is the value of 7 - (6 + 1 + -5)?
5
Evaluate (-4 - -10) + -4 + 0.
2
Evaluate (2 - 4) + (7 - (-1 - -6)).
0
-9 + 13 + -6 + -3
-5
Evaluate 0 - -10 - (3 - (-8 - -7)).
6
What is the value of -7 + 2 + (-4 - -14)?
5
Calculate (-3 - -2) + -1 + (-12 - -9).
-5
What is the value of -4 - (-3 - (0 + -5))?
-6
Evaluate -10 + (-4 + (4 - 0) - -7).
-3
Calculate 16 + -8 - (13 + -13).
8
0 + -2 + -9 - -9
-2
Calculate -10 + (-6 - -4) + 8.
-4
What is the value of -1 + -9 + (53 - 45)?
-2
2 + -5 + 2 + -3
-4
What is -4 + 7 - (-4 - -3) - 1?
3
-6 - (5 - (-5 - -13))
-3
What is -1 + (-7 - -15) - (-2 + 3)?
6
Evaluate -11 + (3 - -2) + 6.
0
-4 + (8 - 8) + 2
-2
Evaluate (-7 - (0 - 2)) + (-93 - -104).
6
8 + (-6 + 11 - 8) + -2
3
What is (2 - -3) + (-42 - -40)?
3
Calculate 5 - (1 - (-2 - (-4 - -3))).
3
Calculate 5 + (-3 - (2 - (4 + -1))).
3
(1 - -2) + (2 - 3) + -6
-4
Calculate -23 - -17 - (0 + -6).
0
13 + (-3 - 8) - -6
8
Calculate (6 - (2 + (-3 - -4))) + 1.
4
Calculate 0 + (3 - 2) - (1 - -1).
-1
Evaluate 1 + -5 + (8 - 4) + -3.
-3
Calculate -9 + (10 - -3) - 5.
-1
Calculate 3 + 3 + (-22 - -22).
6
What is the value of 11 - 3 - (37 - 22)?
-7
Calculate 30 + -18 + -17 - (2 - 2).
-5
What is -22 + 12 + 6 - (0 - 10)?
6
-4 + (-2 - (-3 + -5))
2
What is the value of -1 - (-3 + (4 - 2) + -2)?
2
Calculate -2 + (20 + 2 - 6 - 8).
6
15 - -3 - (20 - 12)
10
Calculate (-7 - -5) + -5 - -7.
0
What is the value of 0 - 2 - (3 + 5 + -6)?
-4
What is the value of 3 + (11 - 25) + 15?
4
What is the value of 0 + 2 - (8 - 2)?
-4
What is the value of -1 + 1 - 2 - -2?
0
Evaluate 8 - (-7 - (4 - 16)).
3
What is (6 - 5) + 1 + 3 + -6?
-1
What is (0 - -3) + -5 + (1 - -1)?
0
Calculate 18 + -11 + 1 + -6.
2
Evaluate -2 + 9 + (0 - 1).
6
0 + 4 + (0 - 2) - -3
5
5 - (0 - (-8 - -2))
-1
What is 1 + 0 + (-12 - -2) + 2?
-7
(-5 + -3 - 0) + 3 - -1
-4
Calculate 6 - -6 - 5 - 10.
-3
What is the value of -3 + 1 + 6 + -6?
-2
Evaluate (3 - (0 - -1)) + -1.
1
What is 2 + 1 + -8 + -1 + 6?
0
Evaluate -1 - (-1 - -2 - (7 + -5)).
0
Evaluate 5 + (13 - (9 + 1)).
8
What is the value of 4 + (-5 - -2) + 1?
2
What is the value of -10 - (3 + (5 - 16 - -5))?
-7
What is -4 + (13 - 14) + -1 + 3?
-3
Calculate 1 + 3 + -3 - (7 + -5).
-1
Evaluate -16 - (-10 - 1) - -2.
-3
-1 + 4 + (6 - 12)
-3
What is -2 + -1 + 7 - (1 + 3)?
0
What is (-7 - 0) + (-14 - -16)?
-5
What is the value of -4 + (1 - 3) + (3 - -8)?
5
Evaluate 21 - 24 - (-1 + -6).
4
What is the value of 1 - (4 + -1) - (4 + -2)?
-4
Evaluate -4 + (10 - 0) + -3 + -4.
-1
4 + (-6